*h - 6. Let d be 3/(-12)*1*2*-4. Suppose -l = 2*l + d*a - 17, a = 5*l - 24. List the prime factors of s(l).
7, 37
Let k(a) = 7*a**3 + a**2 - a - 1. Let h be k(1). Suppose -u = h*u - 287. Suppose 2*c - 2*g - 10 = 12, -5*c + u = 2*g. What are the prime factors of c?
3
Let n be ((-2)/(-2))/1*9/1. Let o(j) = j**2 - 6*j - 23. Let r be o(n). Suppose -2*w = 4*i - 330 - 10, 0 = -4*i + r*w + 340. What are the prime factors of i?
5, 17
Let n(i) = -5*i - 69. Let w be n(-20). Suppose w*b - 31326 = 8*b. List the prime factors of b.
2, 3, 227
Let y(k) = -2*k + 1. Let a be y(-1). Let p be 2 + (6/(-18) - 3/(-9)). Suppose p*g + 2*l = 80, g - 4 - 32 = a*l. List the prime factors of g.
3, 13
Let b(j) = -6*j**2 + 5*j + 6. Let d be b(5). Suppose 20 = -2*k + 5*l, 0 = -0*k + 4*k + 2*l - 8. Let p = k - d. List the prime factors of p.
7, 17
Let t(w) = -w**3 + 74*w**2 + 23*w - 1089. List the prime factors of t(72).
3, 5
Let f = 160 + -158. Suppose -2*m + k + 414 = 0, 6*m = f*m + 3*k + 830. What are the prime factors of m?
2, 103
Let c(j) = -7*j**2 + 3*j + 9. Let b(q) = 15*q**2 - 7*q - 17. Let h(t) = -2*b(t) - 5*c(t). List the prime factors of h(-8).
317
Suppose -2*n + 12*a + 7938 = 9*a, 0 = -4*n + 5*a + 15876. What are the prime factors of n?
3, 7
Let x be 2/(-9) - 1940/180. Let q(v) = -11*v + 14. Let p be q(x). What are the prime factors of -4 + p/(-6)*-2?
41
Let y(x) = 3*x**2 - 58*x - 38. Let z be y(20). Suppose -z*k = -2*l - 46, -2*k + 113 = 3*k - 3*l. What are the prime factors of k?
2, 11
Suppose -2*n = h + 5, 0*h + 2 = 2*h. Let i be (-5)/n - ((-20)/6 + 3). Suppose i*v - 7 = 49. List the prime factors of v.
2, 7
List the prime factors of -1 - -35282 - ((-12)/(-3) + 2).
5, 17, 83
Let w = 9617 - -16942. What are the prime factors of w?
3, 13, 227
Suppose 658*u - 666*u = -32. Suppose 2212 = u*o - w, 0 = -5*o - 37*w + 40*w + 2772. List the prime factors of o.
2, 3, 23
Suppose -5*q - 126650 = -5*a, -2*a - 179*q + 183*q = -50644. What are the prime factors of a?
2, 3, 41, 103
Suppose -4*l + 2*l + 562 = 2*u, u - 1112 = -4*l. Suppose -8*q + 325 = 5*q. Let r = l - q. List the prime factors of r.
2, 3, 7
Let t = 6637 + -4062. What are the prime factors of t?
5, 103
Let q = 12269 + -4169. What are the prime factors of q?
2, 3, 5
Let h = 12447 - 7565. What are the prime factors of h?
2, 2441
Let v = 520 + -536. List the prime factors of v - -20 - (-3 - 307).
2, 157
Suppose 3*w - 37 = -31. Suppose 333 + 319 = 3*t - 5*n, -w*n - 218 = -t. What are the prime factors of t?
2, 107
Suppose 5*b - 54159 = -2*b. What are the prime factors of b?
3, 2579
Let c(o) = -3*o - 13. Let b be c(-5). Suppose 9*d - 4*d - 207 = -b*z, d = 1. What are the prime factors of z?
101
Suppose c - 4*i - 28214 = 0, -28249 = -c - 31*i + 30*i. What are the prime factors of c?
2, 3, 523
Let z = -322 - -176. Let i = z + 200. List the prime factors of i.
2, 3
Let g be (-5 + 15)/(-1*2/(-12)). Suppose -g*r = -58*r - 1578. What are the prime factors of r?
3, 263
Let d(c) = -8*c + 18. Let l be d(-12). Suppose 0 = -2*r + 2*f - l, 3 = -f - 1. Let x = r + 117. List the prime factors of x.
2, 7
Suppose -6*j = 154 - 118. Let x(d) = 25*d**2 - 2*d + 11. What are the prime factors of x(j)?
13, 71
Let z be (2/(-6))/((-6)/162). Suppose 3*c - z*c = -918. Let t = 226 - c. List the prime factors of t.
73
Let a(r) = 4*r + 11. Let l be a(8). Suppose -291 = -5*v + 304. Let d = v - l. What are the prime factors of d?
2, 19
What are the prime factors of 606888/160*4 + 5/(-25)?
2, 3793
Suppose 55*y - 246456 = -17*y. List the prime factors of y.
3, 7, 163
Let z(u) = -u**2 - 34*u - 54. Let y be z(-28). Suppose -116*b + 792 = -y*b. List the prime factors of b.
2, 3, 11
Let q = 70 + -68. Suppose q*v = -5*y + 791, -8*v = -5*v - y - 1195. What are the prime factors of v?
2, 199
Let q = -26 - -40. Let v(z) = 4*z**2 - 27*z - 14. Let h be v(6). Let y = q - h. List the prime factors of y.
2, 23
Suppose 0 = -3*p - 2*b + 12, 5*p - 4 = -4*b + 16. Suppose 0 = p*s + 4*i - 2204, 3*s + 0*i = -i + 1647. List the prime factors of s.
2, 137
Suppose 11*n - 4*n = 11494. Suppose n = 13*r - 1959. List the prime factors of r.
277
Suppose -2*l - 12 = -4*b, -l + 5*b - 6 = 9*b. Let f(t) = -52*t + 23. What are the prime factors of f(l)?
5, 67
Suppose 19*b - 14*b = -5*h + 45, 4*h + 81 = 5*b. Let l(u) = -u**3 + 10*u**2 + 38*u + 17. What are the prime factors of l(b)?
2
Let k(q) = -q**3 - 4*q**2 + 10*q + 1. Let z be k(-6). Suppose 4*p = -1 + z. Suppose 5*w = 0, d - 3*d - p*w + 36 = 0. What are the prime factors of d?
2, 3
Let f(g) = 59*g**3 - 15*g**2 - 11*g + 21. What are the prime factors of f(4)?
3, 1171
Suppose -6*q + 1194 = -924. Suppose -2*w = -j + 271 + q, w = 5*j - 3156. List the prime factors of j.
2, 79
Suppose -6292 = -9*o - 1711. Suppose -3*f - o = -2168. What are the prime factors of f?
7, 79
Let s be 17928/40 - (-8)/10. Suppose 3*r - k - 684 = 0, 2*r + 0*k - s = 3*k. Suppose 6*x - 859 = -r. What are the prime factors of x?
3, 5, 7
Suppose -3*b - 439 = a, -2*a + 282 = -3*b + b. Let h = b + 749. What are the prime factors of h?
2, 151
Let o(m) = 924*m - 5739. What are the prime factors of o(14)?
3, 2399
Suppose 2*l - 3*l - 2683 = 2*u, u + 3*l + 1344 = 0. Let h = u - -1891. Suppose 10*s - h = 5*s. What are the prime factors of s?
2, 5, 11
Suppose 5*m + 2*z - 6448 = 0, 3*m - 2*z + 5*z = 3858. What are the prime factors of m?
2, 17, 19
Let s(p) = -811*p - 1860. What are the prime factors of s(-6)?
2, 3, 167
Let u = 150 - 5. Let q(p) = -1 - u*p**3 + p**2 + p - 3 + 4. List the prime factors of q(-1).
5, 29
Let h(y) = 182*y + 13148. What are the prime factors of h(103)?
2, 37, 431
Suppose -107*t + 111*t - 32 = 0. What are the prime factors of 2070 - (t + 63/(-7))?
19, 109
Let j = 568 + -522. Let z = j + -39. What are the prime factors of z?
7
Let z(u) be the first derivative of 3*u**2/2 + 89*u - 244. What are the prime factors of z(27)?
2, 5, 17
Let b = -13216 - -25418. List the prime factors of b.
2, 6101
Let v(g) = 60*g. Let o be (6/10)/(20/100). What are the prime factors of v(o)?
2, 3, 5
Suppose -82 = -r - 3*h, 3*r - h - 3 - 283 = 0. Suppose -13*u + 23 = -r. What are the prime factors of 223 - 2 - u/(-3)?
2, 7
Let y = 42 + -36. Let w be ((-3)/y)/((-3 + 2)/10). Suppose 0 = -2*p + g + 38, 6*p + w*g - 48 = 2*p. What are the prime factors of p?
17
Suppose -5*o - 21624 = -v, -86604 = -149*v + 145*v + 2*o. List the prime factors of v.
2, 3, 401
Suppose 0*m - 29*m = -58. Suppose 2*n = 4*x - 1282, 9*n - 635 = -m*x + 4*n. List the prime factors of x.
2, 5
Let a(s) = s**3 - 7*s**2 + 6*s + 5. Let g be a(6). Suppose 25*c - 1598 = -2373. What are the prime factors of -15*(c/g - -5)?
2, 3
List the prime factors of -2*(-469382)/(-111)*(-33)/4.
11, 6343
Let u(g) = -4*g - 38. Let m be u(-10). Let h be m/16 - 869/(-88). Suppose -11*b + 13 = -h*b. What are the prime factors of b?
13
Suppose 49814 = 2*x - 70*y + 66*y, 99606 = 4*x + 3*y. What are the prime factors of x?
3, 2767
List the prime factors of 1/(8 + 2 + (-529123)/52913).
7559
Let k = -71 + -15. Let y = 25 - k. Suppose -2*c + y = c. List the prime factors of c.
37
Let p(r) be the second derivative of 29*r**3/6 - 3*r**2/2 - 9*r. List the prime factors of p(8).
229
Let w(y) = 231*y**3 - 2*y**2 + 8*y - 15. Let f be w(2). Let q = 2046 + f. Suppose -12*v = v - q. List the prime factors of v.
13, 23
Let b(d) be the second derivative of 0 - 1/12*d**4 + 11/3*d**3 - 14*d + 15/2*d**2. What are the prime factors of b(19)?
2, 3
Let k = 7638 - -5012. List the prime factors of k.
2, 5, 11, 23
What are the prime factors of 320 - (-6 + 18 - 9)?
317
Let b = 25797 + -7672. What are the prime factors of b?
5, 29
Let c be 41937/27 - (0 - 10/(-45)). Suppose 1573 = h + 36*y - 37*y, h = 5*y + c. What are the prime factors of h?
2, 3, 263
Suppose -1194*u = -1126*u - 966756. What are the prime factors of u?
3, 7, 677
Suppose 8*x + 4 = -20. Let f be 1/((-52)/(-8) + -4 + x). List the prime factors of (-5)/f*2 + 92.
97
Let k = -34526 - -45480. List the prime factors of k.
2, 5477
What are the prime factors of 9/(-15)*215/(-129) - -5496?
23, 239
Let y(d) = 1482*d**3 + 8*d**2 - 36*d + 91. List the prime factors of y(3).
17, 2357
Let m be (110/33)/(2*4/(-48)). List the prime factors of (-2)/m + (-69264)/(-160).
433
Let u(z) = -206*z**2 - 3*z + 